et w(h) = -3 + 0 + 4*h**2 - 1 - h**3 + 2*h. Let l be w(4). Is l/(-14) - 690/(-14) a composite number?
True
Suppose -5*m - 4 = -39. Is m a composite number?
False
Let o = -1 + 5. Let c(m) = -8 + 7 + 8*m - m**2 + 2*m. Is c(o) composite?
False
Suppose 4*r = 3*r. Suppose -4*x + 207 = -x. Suppose r = s - 0*s - x. Is s prime?
False
Suppose 0 = 2*r + 3*r - s - 4078, 2*s = -6. Is r prime?
False
Suppose -4 = 4*s + 3*l, -5*s - l = 5 - 0. Let j = s + 5. Is j/10 - 1315/(-25) a composite number?
False
Suppose 5*u = 37 + 13. Let k = u - -21. Is k composite?
False
Let w(s) = 10*s**3 + 5*s**2 + 2*s - 4. Let d be w(-3). Let r = 130 + d. Let h = r + 154. Is h prime?
False
Suppose -i + 3 = 2*p - 4, 2*p = i + 17. Suppose -p*b = -b. Suppose -m - m + 446 = b. Is m a prime number?
True
Let a(p) = -p - 12. Let x be a(-16). Let k(g) be the third derivative of -g**6/120 + g**5/10 - 5*g**4/24 + g**3/3 - g**2. Is k(x) composite?
True
Let x = 4225 - 3012. Is x composite?
False
Suppose 2*d = -d - c + 3, 5*d = 5*c + 25. Is d prime?
True
Let a = -4 - -8. Suppose 209 = 4*y + 2*k + k, -5*k = a*y - 207. Is y a composite number?
False
Let u = -6187 + 9774. Is u prime?
False
Suppose 2*f = 830 + 1076. Is f composite?
False
Suppose 0*f + 5*f = 265. Let h = f + 3. Suppose j + 4*q = -3*j + 52, -5*j - 2*q + h = 0. Is j a composite number?
True
Is (-1 + 4)/((-1)/(-17)) a composite number?
True
Let r = 22 + -12. Suppose -4*c + r = c. Is c/2 + 9*2 a composite number?
False
Suppose 2*o - 3*o - 4*a + 60 = 0, 2*o - 132 = -4*a. Suppose r - o = -5*g, 0 = -3*r + 2*g + 44 + 223. Is r a composite number?
True
Is 2 + 12/(-8)*-118 a prime number?
True
Let r = 6 + 91. Suppose 3*y - m = 125, 0 = -5*m + 1 + 4. Let n = r - y. Is n composite?
True
Let s be -2 - (1 + (-1 - 6)). Suppose s*x - 14 = 70. Let q = 52 - x. Is q composite?
False
Let q be (-2)/(-9) - (-50)/18. Let j(m) = 17*m**3 - 2 + 3 + m**q. Is j(1) prime?
True
Let v(p) = p**3 + 14*p**2 - 2*p + 7. Is v(-12) a prime number?
False
Let j = -114 + 54. Let a = 202 + j. Is a a prime number?
False
Suppose i + 6*m - 16 = 2*m, -i + 4*m + 24 = 0. Let d = i + 98. Is d composite?
True
Suppose 0 = -0*j - 4*j + 8. Suppose 0 = d - 3 + 2, -106 = -j*k + 4*d. Is k composite?
True
Is (-2 - -3)/(2/38) prime?
True
Let b(x) = x + 15. Let o be b(-11). Suppose -o*a + 3*a = -23. Is a a composite number?
False
Let o(f) = f**3 - 2*f**2 - 10*f - 10. Is o(9) a composite number?
False
Let u be (-1 + 4)*(-2)/(-3). Let p be ((-110)/(-4))/(u/4). Let w = -22 + p. Is w composite?
True
Suppose 3*i - 118 = -7. Is i prime?
True
Suppose g - 301 + 57 = 0. Suppose -g = -5*m - 69. Is m a prime number?
False
Let q = -31 - -65. Is q a composite number?
True
Let h = -166 - -683. Is h prime?
False
Let z = -355 - -734. Is z composite?
False
Let l(a) = -a**3 - 7*a**2 + 6*a. Let x(i) = i**3 + i**2 - 1. Let r(v) = -l(v) - 2*x(v). Let y be r(4). Let m(s) = -26*s + 7. Is m(y) a prime number?
True
Let r = -63 - -190. Is r composite?
False
Let t be 2/3 + (-2)/(-6). Let c = 0 - t. Is 7 - -2 - c - 1 a prime number?
False
Let b be 0*1*(-4)/(-8). Suppose b = 2*k - 6*k - 5*l + 248, -3*l - 12 = 0. Is k prime?
True
Suppose 3 + 6 = 3*t. Is -3 - t/((-9)/672) a prime number?
False
Suppose -49*v - 1958 = -51*v. Is v prime?
False
Suppose 5*a = -0*a. Suppose 3*t - 505 = -2*u, 3*u = -a*u - 4*t + 757. Is u a prime number?
True
Let o(x) = x**3 - 14*x**2 - 13*x - 20. Is o(15) a composite number?
True
Let p = 1217 - -1230. Is p prime?
True
Let f(u) = -12*u - 3. Let j be f(-3). Suppose 4*k - 43 - j = 0. Suppose 0 = -3*r + b + 109, -r - 3*b - b = -k. Is r prime?
False
Suppose 2*o - 3*o + 2*y = 9, 3*o = 2*y - 7. Is o/(0 - (-1)/3) prime?
True
Suppose x = -5*r + 314, -5*r + r + 250 = 2*x. Let n = 176 - r. Is n composite?
False
Let g(s) = 11*s**3 + 10*s**2 - 13*s + 15. Let u(o) = -7*o**3 - 7*o**2 + 9*o - 10. Let f(q) = 5*g(q) + 8*u(q). Let n be f(-7). Is (-10)/n*466/4 prime?
True
Suppose 484 + 328 = 4*l. Is l a prime number?
False
Suppose 7*c - 6*c = 1126. Is c composite?
True
Let k(p) = -p**3 + 5*p**2 + 4*p + 6. Let v be k(6). Let n(f) = -f + 3. Let i be n(v). Suppose -q + 8 = 2*x - i, -2*q = x - 19. Is q a prime number?
True
Is 11/((-9)/(-18)*4/58) a composite number?
True
Let a = 567 - -97. Suppose 4*l - a = 4*g, -5*g + 830 = 5*l - 0*g. Is l composite?
True
Suppose -5*x - 2245 = -10*x. Is x a prime number?
True
Let f(b) = -43*b + 49. Is f(-15) a prime number?
False
Let l = -5 - -7. Suppose u + r - 38 = -r, -2*u + l*r + 58 = 0. Suppose -a = -5*v - u, 5*a + v - 187 = -v. Is a composite?
False
Let q(m) = 6*m**2 + 2*m - 1 + m**2 - 1 - 2*m**2. Is q(-3) composite?
False
Suppose -8 = -5*t - 3. Is ((-1746)/(-3))/(t - -1) prime?
False
Suppose 103 = m - 82. Is m prime?
False
Suppose -3*b = -3*l + 45, 5*l = -4*b - 50 - 28. Let i = 16 - b. Is i a prime number?
False
Let i(p) = -p**2 + 13*p - 8. Let b be i(12). Is b/(-6) + (-5935)/(-15) a composite number?
True
Let l(z) = -537*z**3 + z**2 - z - 2. Is l(-1) prime?
False
Suppose 5*m - 3327 = -2*z, 0 = -m + z + 517 + 154. Is m a composite number?
True
Let m(s) = -5 + 35*s**3 - 2*s**2 + s**2 + 6. Is m(1) prime?
False
Is (-5106)/(-12)*(1 - (-2)/2) prime?
False
Let j be (-28)/(-6)*3/2. Let n = -3 + j. Suppose -118 = -9*p + 4*p - s, n*p = -5*s + 107. Is p prime?
True
Let x(p) = p**3 + p**2 + 4. Let v be x(0). Suppose -2*g = -v + 12. Is 3/g - (-343)/4 prime?
False
Let v(h) = h**3 - 8*h**2 - 15*h + 23. Is v(13) prime?
True
Suppose 3*z + 3*t = 0, -3*z - 3 = 4*t - 1. Suppose 0 = -4*b + z*s + 20, 3*b + 2*s - 14 = 1. Suppose -b*g = -117 - 48. Is g a composite number?
True
Suppose 89 - 841 = -2*h. Is (-3)/(-3 + 1116/h) a prime number?
False
Suppose -2*j = 4*c - 2522, -4*c + 2528 = -0*j - 4*j. Is c a prime number?
True
Suppose -x - 2 = 4. Let v = x + 3. Is v + 40 + 6/(-3) prime?
False
Let c = 21 + -13. Let k(j) = j**2 - 8*j + 6. Let q be k(c). Is (-11)/(-2) + 3/q a prime number?
False
Let j be 2/(-3*6/(-801)). Suppose j = -2*g + 387. Is g prime?
True
Suppose 0 = j + 2 + 2, 0 = 4*c - 2*j - 20. Suppose x - c = -1. Suppose x*g - 55 = g. Is g prime?
False
Is 5*2*23/10 a composite number?
False
Let s be (0 + 0)/(3 + -5). Suppose s = 3*r - 6*r. Let l = 55 + r. Is l prime?
False
Let n(v) = 8*v**2 + 24*v - 24. Let y(z) = 3*z**2 + 8*z - 8. Let u(t) = 4*n(t) - 11*y(t). Let w be u(6). Is w/6*(-93)/(-2) composite?
False
Suppose 0 = 3*g + 12 - 30. Let i(d) = -1. Let j(n) = -5*n + 3. Let t(s) = -4*i(s) - j(s). Is t(g) a composite number?
False
Let f(d) = -d - 8. Let o be f(-10). Suppose -o*w + 775 = 3*w. Is w a composite number?
True
Suppose 9*c - 1596 = 303. Is c prime?
True
Suppose 0 = -3*o - 0*o - 3*n + 12, 2*o - 4*n + 4 = 0. Suppose -o*p = -5*p. Is 0 + 24 - (p - -2) a composite number?
True
Let k be (-5)/(5/2) - 35. Let i = k - -75. Suppose l = 3*l - i. Is l composite?
False
Suppose 3*a = 3, 0 = c + a + 3*a - 153. Is c prime?
True
Suppose 10 = 5*z - 5. Suppose -z*s - w + 166 = 0, -5*w - 77 = -s - w. Is s a prime number?
False
Let x be (-339)/(-2 + 1)*-3. Is 1*(x/(-3) - 2) composite?
False
Suppose 2*q = -0*q - 2. Let s(a) = a. Let v(n) = -n**2 - n - 10. Let x(h) = q*v(h) - 5*s(h). Is x(7) prime?
True
Let p(h) = h**2 - 2. Let j be p(-6). Let o = j + 259. Is o a prime number?
True
Let t = -16 + 20. Is t prime?
False
Suppose 0*d = -4*d + 5484. Is d a prime number?
False
Suppose 4*n - 6 = 2*u, 4*u + n = -3*n + 12. Let p = u - 3. Is (1*-2 - 92)/p prime?
True
Let t = 1298 - 741. Is t a composite number?
False
Let q be (-6)/(-4)*8/12. Let k(j) = -11*j + 3. Let a be k(-3). Is a - 2/(q + 1) a composite number?
True
Let r be (-1)/(-3) - 44/(-3). Let y = r + -9. Is y a composite number?
True
Let d = -9 - -7. Suppose -a = -4 - 1. Let p = a - d. Is p prime?
True
Let n be (-1)/2*3*-254. Suppose 2*i = -i + n. Is i prime?
True
Suppose -324 = -2*p + 680. Is p composite?
True
Let q = 538 + -133. Suppose q = 4*u - 335. Suppose u = 5*s + 2*t, 100 = 3*s - 2*t + t. Is s composite?
True
Let b = 1402 + 133. Is b a prime number?
False
Suppose u + u - 50 = 0. Let d = 354 + u. Suppose -97 = -4*y + d. Is y a composite number?
True
Let l(a) = -a. Let h be l(-5). Suppose t - 205 = h*o, -o + 291 = 4*t - 592. Is (-3)/(-9) + t/6 a composite number?
False
Let n(c) = -98*c - 5. Is n(-2) a composite number?
False
Let o(m) = 29*m**2 - 